1365 is divided by 57.
54
Calculate the remainder when 23304 is divided by 665.
29
What is the remainder when 13982 is divided by 2284?
278
What is the remainder when 4731450 is divided by 304?
298
Calculate the remainder when 21870 is divided by 663.
654
Calculate the remainder when 180452 is divided by 16403.
19
What is the remainder when 484069 is divided by 28473?
28
What is the remainder when 5259 is divided by 70?
9
What is the remainder when 263773 is divided by 218?
211
Calculate the remainder when 69097 is divided by 317.
308
What is the remainder when 52796 is divided by 577?
289
What is the remainder when 348 is divided by 183?
165
Calculate the remainder when 1646 is divided by 452.
290
Calculate the remainder when 4593 is divided by 780.
693
What is the remainder when 36660 is divided by 9138?
108
Calculate the remainder when 8082 is divided by 1205.
852
What is the remainder when 3558 is divided by 2529?
1029
What is the remainder when 3064 is divided by 605?
39
What is the remainder when 26017 is divided by 434?
411
Calculate the remainder when 56328 is divided by 9371.
102
What is the remainder when 59301 is divided by 55?
11
Calculate the remainder when 20755 is divided by 267.
196
What is the remainder when 2656 is divided by 2581?
75
Calculate the remainder when 32821 is divided by 78.
61
Calculate the remainder when 29213 is divided by 20.
13
Calculate the remainder when 260405 is divided by 10.
5
What is the remainder when 93064 is divided by 141?
4
Calculate the remainder when 38644 is divided by 28.
4
Calculate the remainder when 16630 is divided by 1510.
20
Calculate the remainder when 4991 is divided by 1422.
725
Calculate the remainder when 778396 is divided by 160.
156
What is the remainder when 5248 is divided by 440?
408
What is the remainder when 101369 is divided by 465?
464
Calculate the remainder when 168642 is divided by 2409.
12
What is the remainder when 3303 is divided by 413?
412
Calculate the remainder when 15576 is divided by 15315.
261
What is the remainder when 65627 is divided by 57?
20
What is the remainder when 2448169 is divided by 297?
295
Calculate the remainder when 3924 is divided by 103.
10
What is the remainder when 2871 is divided by 43?
33
Calculate the remainder when 24024 is divided by 7974.
102
Calculate the remainder when 769104 is divided by 965.
964
Calculate the remainder when 7255869 is divided by 102.
99
Calculate the remainder when 606 is divided by 19.
17
What is the remainder when 64595 is divided by 12?
11
Calculate the remainder when 2465 is divided by 65.
60
Calculate the remainder when 57422 is divided by 148.
146
What is the remainder when 124919 is divided by 451?
443
Calculate the remainder when 205664 is divided by 15.
14
Calculate the remainder when 14013 is divided by 13.
12
Calculate the remainder when 67 is divided by 66.
1
What is the remainder when 4607258 is divided by 87?
86
Calculate the remainder when 1953071 is divided by 81.
80
Calculate the remainder when 23545 is divided by 189.
109
What is the remainder when 16341 is divided by 23?
11
Calculate the remainder when 20718 is divided by 137.
31
Calculate the remainder when 134589 is divided by 192.
189
What is the remainder when 473 is divided by 121?
110
Calculate the remainder when 25042 is divided by 12.
10
Calculate the remainder when 26807 is divided by 53.
42
Calculate the remainder when 2749962 is divided by 28.
26
What is the remainder when 49999 is divided by 694?
31
What is the remainder when 29888 is divided by 421?
418
What is the remainder when 82696 is divided by 82681?
15
Calculate the remainder when 3423 is divided by 486.
21
Calculate the remainder when 16427 is divided by 9.
2
What is the remainder when 24686 is divided by 44?
2
What is the remainder when 674 is divided by 629?
45
What is the remainder when 3498 is divided by 3483?
15
Calculate the remainder when 2063 is divided by 71.
4
What is the remainder when 112504 is divided by 151?
9
Calculate the remainder when 102732 is divided by 6042.
18
Calculate the remainder when 107318 is divided by 9.
2
Calculate the remainder when 16854 is divided by 43.
41
Calculate the remainder when 213194 is divided by 931.
926
What is the remainder when 181069 is divided by 45266?
5
What is the remainder when 437294 is divided by 188?
6
Calculate the remainder when 284401 is divided by 15.
1
What is the remainder when 488121 is divided by 61?
60
What is the remainder when 1389 is divided by 657?
75
Calculate the remainder when 148881 is divided by 114.
111
What is the remainder when 19478 is divided by 3895?
3
What is the remainder when 53231 is divided by 35?
31
What is the remainder when 2419 is divided by 803?
10
Calculate the remainder when 81406 is divided by 4520.
46
Calculate the remainder when 1772 is divided by 1635.
137
What is the remainder when 3157 is divided by 47?
8
Calculate the remainder when 7753 is divided by 263.
126
What is the remainder when 6177 is divided by 519?
468
What is the remainder when 9518 is divided by 9308?
210
Calculate the remainder when 27764 is divided by 728.
100
What is the remainder when 45846 is divided by 112?
38
What is the remainder when 2723036 is divided by 72?
68
Calculate the remainder when 162 is divided by 133.
29
What is the remainder when 5541 is divided by 1373?
49
Calculate the remainder when 115 is divided by 56.
3
What is the remainder when 979 is divided by 221?
95
Calculate the remainder when 10431 is divided by 1044.
1035
What is the remainder when 30481 is divided by 1128?
25
What is the remainder when 752 is divided by 106?
10
Calculate the remainder when 69524 is divided by 781.
15
Calculate the remainder when 7325 is divided by 55.
10
Calculate the remainder when 608 is divided by 95.
38
What is the remainder when 13704 is divided by 652?
12
What is the remainder when 2771 is divided by 75?
71
What is the remainder when 560 is divided by 36?
20
Calculate the remainder when 17835 is divided by 4456.
11
Calculate the remainder when 2265 is divided by 422.
155
Calculate the remainder when 1244255 is divided by 156.
155
What is the remainder when 191059 is divided by 207?
205
Calculate the remainder when 412 is divided by 254.
158
What is the remainder when 5251 is divided by 47?
34
What is the remainder when 255564 is divided by 51112?
4
What is the remainder when 423 is divided by 19?
5
What is the remainder when 789 is divided by 35?
19
Calculate the remainder when 151704 is divided by 68.
64
Calculate the remainder when 19207 is divided by 662.
9
What is the remainder when 20676 is divided by 10328?
20
Calculate the remainder when 6277 is divided by 6246.
31
Calculate the remainder when 2998 is divided by 18.
10
What is the remainder when 229664 is divided by 386?
380
What is the remainder when 14699 is divided by 731?
79
Calculate the remainder when 12655 is divided by 8.
7
Calculate the remainder when 762037 is divided by 784.
773
Calculate the remainder when 372417 is divided by 17.
15
What is the remainder when 49224 is divided by 1491?
21
What is the remainder when 139354 is divided by 10719?
7
Calculate the remainder when 31754 is divided by 38.
24
What is the remainder when 101376 is divided by 230?
176
What is the remainder when 20122 is divided by 877?
828
What is the remainder when 28380 is divided by 7079?
64
Calculate the remainder when 13431 is divided by 26.
15
What is the remainder when 2398 is divided by 795?
13
Calculate the remainder when 8737 is divided by 168.
1
Calculate the remainder when 666 is divided by 595.
71
What is the remainder when 28882 is divided by 14402?
78
What is the remainder when 152172 is divided by 895?
22
What is the remainder when 58911 is divided by 11779?
16
Calculate the remainder when 737 is divided by 593.
144
Calculate the remainder when 1769 is divided by 207.
113
What is the remainder when 137079 is divided by 48?
39
What is the remainder when 20116 is divided by 313?
84
Calculate the remainder when 255276 is divided by 20.
16
Calculate the remainder when 26124 is divided by 1089.
1077
Calculate the remainder when 991 is divided by 17.
5
Calculate the remainder when 393559 is divided by 1463.
12
Calculate the remainder when 261079 is 